hat is the units digit of p?
7
Suppose k - 5 = -0. Let y = k - -10. What is the tens digit of 1 - y*4/(-6)?
1
Let c be (18/(-4))/(1 - (-23)/(-22)). Suppose q - c = 2. What is the hundreds digit of q?
1
Let p = 258 + -45. Suppose 3*l = 4*o + p, -3*l - 2*l + 2*o = -355. What is the units digit of l?
1
Let q(s) = 3*s + 4. Suppose -5*y - 15 = -6*y - 4*a, -3*y + 36 = 3*a. Let g = 14 - y. What is the tens digit of q(g)?
1
Suppose 3*n = -3*j - j + 1214, -2*n + 800 = -2*j. What is the hundreds digit of n?
4
Let d(q) be the first derivative of -7*q**2 - 4*q - 12. What is the units digit of d(-11)?
0
Let j = -5 - -10. Suppose 6*l = 10*l - 320. Suppose j*t - l = t. What is the units digit of t?
0
Let a(n) = -3*n**2 + 2 + 4*n**2 - 2*n**2 + n**3 + n. Let t be a(4). Suppose -4*k + k + t = 0. What is the units digit of k?
8
Let v(z) = 6*z + 72. Let g be v(0). Suppose 372 = -70*x + g*x. What is the tens digit of x?
8
Suppose 5*s = 2*q + 6559, -3584 = -5*s - 2*q + 2987. What is the thousands digit of s?
1
Let s(h) be the third derivative of h**6/120 - 17*h**5/60 + 3*h**4/4 - 23*h**3/6 - h**2. Let a be s(16). Let m(p) = -2*p + 21. What is the units digit of m(a)?
3
What is the units digit of 458 + (5/(-35) - 41/7)?
2
Let l(z) = -32*z**2 - z - 2. Let w be l(-1). Let o be w/(-12) - 7/(-28). Suppose 0 = s + 3*c - 19, 2*s - s - c = o. What is the units digit of s?
7
Let h = -58 + 18. Suppose 3*f - 5*z = -194, -7*f + 3*f = 2*z + 276. Let w = h - f. What is the units digit of w?
8
Suppose -2*g - 5*z = -1405, 3580 = 5*g - 0*g - z. What is the units digit of g?
5
Let y(j) = -4*j. Let k be y(-3). Let g = k + -18. Let h = g - -17. What is the tens digit of h?
1
Suppose -25 = n + 5*z, -6*z = -5*n - 2*z + 20. Suppose i - 96 + 28 = n. What is the units digit of i?
8
Suppose 4*v = 2*u - 2188, 4*u = -2*v + 3611 + 735. What is the units digit of u?
8
Let c be (-33)/(-7) + -2 - (-2)/7. Suppose c*n + 2*h = 876, 0*h = -2*n - 5*h + 573. What is the units digit of n?
4
Suppose -433 + 1 = -6*q. Suppose -8*m = -3*m - 3*z - q, 3*m + 4*z - 20 = 0. What is the tens digit of ((-219)/(-6))/(6/m)?
7
Let r(d) = -d**3 + 3*d**2 - d - 1. Let x be r(3). What is the units digit of x + 1 - (-13 - (4 - 2))?
2
Suppose q - 6*q = -5*u + 75, -4*u = -3*q - 57. Let j(b) = -b**3 + 13*b**2 - 12*b. Let r be j(u). Suppose x + 4*x - 230 = r. What is the units digit of x?
6
Suppose -29 = 4*j - 5*v + 19, -5*v = 5*j + 15. Let m(s) = s + 2. Let i be m(j). What is the tens digit of 40 - i/((-20)/(-8))?
4
Let v = 815 - 9. What is the hundreds digit of v?
8
Suppose -8*g = -2*g - 30. Let r = 0 + g. Suppose 3*x - 3*n - 33 = 39, -3*n = r*x - 160. What is the units digit of x?
9
Let j = 1 - -3. Suppose -5*u + 3*d + 2*d = 15, -5*u = j*d + 33. Let m = u - -45. What is the units digit of m?
0
Let h = 76 - 78. What is the tens digit of (491 + h)*(-5)/(-15)?
6
What is the thousands digit of (8/(-20)*1)/(2/(-10970))?
2
Let y = -8 + -4. Let d = 17 + y. Suppose -4*t = -2*r + 126, -5*r + d*t = -172 - 148. What is the units digit of r?
5
Suppose 0*g = -3*m + g + 7148, -m - 5*g + 2356 = 0. What is the tens digit of m?
8
Suppose -2126 = -4*o - 6*y, 7*y - 9*y - 2629 = -5*o. What is the units digit of o?
7
Let w = -35 - -49. Let y = w + -9. Suppose 5*p = n + 18, y*n = -7*p + 2*p. What is the units digit of p?
3
Let c(h) = 2 + 0*h**3 + h**3 - 2*h**2 + 0*h**3. Let t be c(-2). Let w = t + 17. What is the units digit of w?
3
Let q = 82 + -82. Suppose -2*r + 141 = -3*t, q*r - 3*r - 3*t + 234 = 0. What is the units digit of r?
5
Suppose -w - 11364 = -13*w. What is the tens digit of w?
4
Suppose -3*x = w - 16, -2*x + 4*w - 12 = -x. Let r be 3954/33 - x/(-22). What is the tens digit of (21/(-6) + 4)*r?
6
Suppose 0 = -3*v + 3*g - 2*g + 621, 3*v + 3*g = 621. What is the units digit of -3 + (-1)/((-3)/v)?
6
Let d = -21 - -23. Suppose -72 = -d*y + 38. What is the units digit of y?
5
Let q(y) = -y**2 + y + 1. Let w(k) = -k - 1. Let m be w(0). Let d(a) = -5*a**2 + 18*a + 16. Let n(r) = m*d(r) + 6*q(r). What is the units digit of n(-8)?
2
Let h be (-455)/(-26) + 1/(-2). Suppose h*x = 21*x + 108. What is the units digit of 2/9*x/(-3)?
2
Suppose 4*m + 2*z - 14 = -0*z, -4*z = -3*m + 5. Suppose 4*l - r = 47 - 4, 3*l = -m*r + 51. Suppose -6*u + 2*u = -l. What is the units digit of u?
3
Let i be (0 + 6)/(9/3). Let t be (5 - 6) + i/(-2). What is the tens digit of t/(4/(-36)*1)?
1
Suppose m + 4*n - 4 = 0, 0 = 2*m + 2*n + n - 8. Suppose -2*i - 5 = 2*q + 1, -3*q = -m*i + 16. What is the tens digit of 78/q*(-8)/6?
2
Let p = -1368 - -1919. What is the units digit of p?
1
Suppose 0 = -5*d + 3*q + 5, -q + 2 = 2*d + q. Let k(o) = 55*o + 2. What is the tens digit of k(d)?
5
What is the thousands digit of 1223 - 0 - (-1 - (-1 + 0))?
1
Let a be (6/5)/((-9)/(-30)). Suppose 2*j = -v + 13, -4*v = a*j - j - 27. Suppose 0 = v*s - 8*s + 75. What is the units digit of s?
5
Suppose 0 = z - 1 - 4. Let g(d) be the first derivative of 5*d**2/2 - d - 7. What is the units digit of g(z)?
4
Let k be (1/(-3))/(2/(-102)). Let j = 49 - k. What is the tens digit of j?
3
Suppose -c + 56 = -5*c. Let p(o) = -o**2 - 15*o - 11. Let g be p(c). What is the tens digit of 278/5 - g/5?
5
Suppose 0 = -c + 8*z - 5*z + 567, 4*c - 2238 = 2*z. What is the units digit of c?
8
Let h = -11 - -14. Suppose 9 = -h*w - 3. Let v = 10 + w. What is the units digit of v?
6
Let t(y) be the first derivative of y**6/360 + y**4/24 + 2*y**3/3 - 3. Let b(s) be the third derivative of t(s). What is the units digit of b(-1)?
2
Let m(b) = 2*b**3 - 26*b**2 - 19*b + 86. What is the thousands digit of m(20)?
5
Suppose -5*k + 25 = 5*d, 5*k - d = d + 60. Suppose 4*f = 2*t + 94, 4*t = -3*f + 75 - k. What is the tens digit of f?
2
Suppose 4*f = 2*f. Let c(d) = -d**2 + 3*d + 1. Let s(x) = -4*x**2 + 10*x + 3. Let a(u) = 7*c(u) - 2*s(u). What is the units digit of a(f)?
1
Suppose 9*s = 2*s + 35. Suppose -s*y = 3*x - 191, -y = 4*y + 10. What is the units digit of x?
7
What is the hundreds digit of 9/6*36576/108?
5
Suppose -3*j = 2*j - 2*q + 1043, 3*q = -j - 212. Let d = 301 + j. Suppose -d = 5*h - 227. What is the tens digit of h?
2
Let z(x) = -1540*x**3 + 3*x**2 + 4*x + 2. What is the tens digit of z(-1)?
4
Let s = -4 - -8. Let k be 22/12 + (-8)/(-48). Suppose -30 - 70 = -5*h - 5*j, 0 = -s*h - k*j + 88. What is the units digit of h?
4
What is the thousands digit of 1 + 4478 - (-52)/13?
4
Let l = 3090 - 2039. What is the units digit of l?
1
Let j(c) = c**2 + 9*c. Let d be 1*(-3)/3 - 9. Let t be j(d). Suppose 0 = -5*o + 95 - t. What is the units digit of o?
7
Suppose 2*i - 3 - 3 = 4*x, -4 = 4*i. Let o(j) = -3*j**2 - j - 3. Let g be o(x). What is the tens digit of ((-66)/1)/(-14 - g)?
6
Let j be 8 + -26 + 1 + 0. Let b = j - -8. Let c = b + 10. What is the units digit of c?
1
Let z be (5 + 10 - 5)/((-2)/(-6)). What is the units digit of (1704/(-18))/((-5)/(z/4))?
2
Let w = 21 - 26. What is the units digit of (w/(10/(-8)))/(2/42)?
4
Let j(k) = -k**3 + 10*k**2 + 12*k - 6. Let a be 11 + -9 - (-5)/(-1). Let c(u) = -4*u - 1. Let h be c(a). What is the units digit of j(h)?
5
Let m be (-3 + 39)/(-3)*(-1)/2. Suppose -m*y + 220 = -254. What is the tens digit of y?
7
Let m(b) = 4*b**3 - b**2 - b - 129. What is the units digit of m(8)?
7
Suppose 0 = j - 2*z + 52, 101 = -2*j + 2*z + 3. Let a = 162 + j. What is the hundreds digit of a?
1
Let x(m) = -m**3 - 10*m**2 + 20. What is the hundreds digit of x(-12)?
3
Let d = 682 + -515. What is the units digit of d?
7
Suppose 6*d = 87 - 279. Let g = -28 - d. What is the units digit of g?
4
Suppose -5*m = -10*m + 130. Suppose -4*l + 303 = -3*j, 51 = l - 2*j - m. What is the tens digit of l?
7
Suppose p = 6*p - 4215. Suppose -9*o = 150 - p. What is the units digit of o?
7
Let q(z) be the second derivative of z**4/6 - z**3/2 + z**2/2 - 6*z. Let m be q(2). Suppose -m*n + n = -76. What is the units digit of n?
8
Let c be (-380)/(-114) - (1 - -1)/6. Suppose 29 = c*o - 19. What is the units digit of o?
6
Suppose 3*a = -2*m + 225, a + 12*m - 16*m - 89 = 0. What is the tens digit of a?
7
Suppose 22*l - 25*l + 12 = 0. Suppose l*k = k + 24. What is the units digit of k + -7 - 4*-12?
9
Suppose -29*m + 11186 = -15*m. What is the hundreds digit of m?
7
Let u be 2*(42/4)/7. Let x(c) = 6*c**2 - c + 5. What is the